vided by h.
1
Calculate the remainder when 58 is divided by 1/4 + (2613/12)/13.
7
Suppose -2*n + 4*n - f = 89, 2*n = -4*f + 74. Suppose 0 = -w - 3*w + 16. Suppose -w*y = 2 + 2, v - 9 = -2*y. What is the remainder when n is divided by v?
10
Let i = 10 + 3. Suppose 2*a - 4*x + 9*x = 8, 5*a + 4*x - 20 = 0. Calculate the remainder when i is divided by a.
1
Let o be (2 - 0)*(-30)/12. Let j = -3 - o. What is the remainder when (20/8)/(1/j) is divided by 2?
1
What is the remainder when 73 is divided by (-1 - -3 - -4) + 33?
34
What is the remainder when (-24)/60 - 187/(-5) is divided by 19?
18
Let n(x) be the third derivative of -11*x**4/24 + x**3/3 - 7*x**2. Let z = 3 - 6. What is the remainder when n(z) is divided by 18?
17
Let h(r) be the first derivative of -2*r**2 - 7*r - 3. What is the remainder when 50 is divided by h(-6)?
16
Suppose g - 6*g = -5. Let z be (-1 + -1)/g + 85. Let p = z - 45. What is the remainder when p is divided by 13?
12
Let t = 92 + -49. Let n = t + -22. Let h = 28 - 17. Calculate the remainder when n is divided by h.
10
Let g = 2 - -1. Suppose -q + g*q = 28. Suppose 0 = u + u - q. Calculate the remainder when 18 is divided by u.
4
Let n(q) = q**2 - 7*q - 3. Let k be n(6). Let j be ((-6)/k)/((-6)/9). What is the remainder when 7 is divided by (-6 + 3)*(j - 0)?
1
Let i(o) = o**3 + 3*o**2 - 4*o + 10. Calculate the remainder when (-206)/(-5) + (-2)/10 is divided by i(-3).
19
Let j(c) = -c - 1. Let y be j(-1). Let h = 2 - y. Suppose m + h*m = 6. What is the remainder when m is divided by 2?
0
Suppose 0*a + 2*a - 31 = -3*m, 40 = 3*a - 2*m. Calculate the remainder when a is divided by 8.
6
Suppose 0 = 5*h - 5*d + 15, 3 - 10 = h + d. Let z = 26 + h. Calculate the remainder when z is divided by 11.
10
Suppose 8 = 2*x - 3*d - 2, -2 = -2*x - d. Let o = 1 + 0. Calculate the remainder when x is divided by o.
0
Let m(i) = -i**2 - 2*i + 117. Calculate the remainder when m(0) is divided by 17.
15
Suppose 6*k = 2*k + 2*w + 6, 5*k - 21 = -2*w. Let d(s) = 2*s - 4. Let q be d(k). Calculate the remainder when 14 is divided by (14 - -2)*1/q.
6
Let a(h) = 5*h**3 - h**2 - h - 2. Let z(q) = 2*q**3 + 3*q**2 - q - 2. Let k be z(2). Let u = -13 + k. Calculate the remainder when a(2) is divided by u.
10
Suppose 5*k + 2*b = 27, 0*b = -5*k + b + 39. Let a = 15 - 14. Calculate the remainder when (-5 + a)/(4/(-26)) is divided by k.
5
Let x(v) = 2*v**2 - 6*v - 5. Calculate the remainder when x(-3) is divided by 9.
4
Suppose 9*z - 8*z = 6. Calculate the remainder when 59 is divided by z.
5
Calculate the remainder when (-14)/(-35) - (-1456)/10 is divided by 21.
20
Let x = 0 + 5. Let c = x + 2. Suppose 3*n + n + 3*t - 51 = 0, t = -2*n + 25. What is the remainder when n is divided by c?
5
What is the remainder when 78 is divided by (64/12)/(1/3)?
14
What is the remainder when (-1 - -3 - 2) + 37 is divided by 13?
11
Let i be (-26)/169 - (-828)/(-26). Let k = 9 - i. What is the remainder when k is divided by 11?
8
Let s(o) = o**3 - 3*o**2 + 2. Let h(m) = m + 5. Let x be h(0). What is the remainder when s(x) is divided by ((-2)/(-4))/((-1)/(-36))?
16
Let r(s) = -s**3 - 5*s**2 - 5*s + 1. Let m(n) = 5*n - 16. Calculate the remainder when m(6) is divided by r(-4).
4
Let b(a) = -17*a + 271. Let k(u) = -u + 3. What is the remainder when b(14) is divided by k(-6)?
6
Suppose -2*i = -3*n + 18 + 55, 78 = 3*n - 3*i. Calculate the remainder when n is divided by (-2)/3 + 38/3.
9
Suppose 9 = 3*p - 0. Let q = 13 + -5. Calculate the remainder when q is divided by p.
2
Suppose -5*q + 3*a + 768 = 2*a, -2*q = 4*a - 294. Let b = q + -106. Let o = b + -24. Calculate the remainder when 68 is divided by o.
22
Let a = 85 - 44. What is the remainder when a is divided by 11?
8
Let q be -4 + 3 + (-8)/(-2). Suppose -4*z - 3*l = -l - 70, q*z - 57 = 3*l. Suppose -h = h - z. Calculate the remainder when 17 is divided by h.
8
Let c(d) = 2*d - 4. Let y be c(-3). Let h(i) = i**2 + 8*i - 4. Let k = 8 - 2. What is the remainder when h(y) is divided by k?
4
Let p(o) = 5*o**2 - 8*o + 3. What is the remainder when 12 is divided by p(2)?
5
Let i(p) = -3*p - 4. Let c be 88/(-12) - (-3)/9. Let r(y) = 2*y**2 + 5*y - 2. What is the remainder when i(c) is divided by r(-4)?
7
Let q = 7 + -4. Suppose -q*u + 17 = -16. Suppose 3*x - 3 = 15. What is the remainder when u is divided by x?
5
Suppose -3*a + 40 = 4*h - 7*a, -3*h = -2*a - 25. Let g(n) = -2*n - 1. Let p be g(-2). Suppose h = p*k - 7. Calculate the remainder when 7 is divided by k.
3
Suppose -2*w + 7*w = 505. Suppose 4*g - w = -y - 23, 0 = y + 2. Calculate the remainder when 39 is divided by g.
19
Suppose 0 = 2*q - 70 - 36. Suppose 0 = -11*r + 6*r. Suppose -5*p = -4*d - 102, -5*d = -r*d + 15. What is the remainder when q is divided by p?
17
Let c(f) = f**3 + 6*f**2 - 8*f + 1. What is the remainder when 29 is divided by c(-7)?
5
Let z(y) = -y**2 - 8*y. What is the remainder when z(-4) is divided by 10?
6
Let v = 32 + -19. What is the remainder when 36 is divided by v?
10
Suppose 766 - 2404 = -9*p. What is the remainder when p is divided by 62?
58
Let r(u) = u - 3. Suppose 4*w - 4 - 4 = 0. Let d be r(w). Let x = d - -4. What is the remainder when 9 is divided by x?
0
Let b(f) = f**3 + 6*f**2 + 4. Let s be b(-6). Let t = s - -4. Suppose t*l = 3*l + 30. Calculate the remainder when 16 is divided by l.
4
Let r(l) = 2*l**2 - 2*l - 3. Suppose a + 0 - 15 = 0. What is the remainder when a is divided by r(3)?
6
Let q(c) = -c**2 + 5*c + 41. Calculate the remainder when 29 is divided by q(8).
12
Suppose -4*w - 3*c + 8 = 0, 0*c = -2*c - 8. Let t = -9 + 14. Suppose t*n + 2 = 4*r, -3*r - n + 1 + 10 = 0. Calculate the remainder when w is divided by r.
2
Suppose -35 = -0*a - 5*a. Suppose 3*g = 2*n + 39, 2*n = 4*g - 0*g - 54. Calculate the remainder when g is divided by 2/(-7) + 65/a.
6
Let p(m) = 4*m. Let l be p(-1). What is the remainder when (1*-33)/(6/l) is divided by 12?
10
Let v(q) = -3*q + 1. Let i be v(1). Let s be ((i*10)/(-2))/2. Suppose -139 = -s*b - 14. What is the remainder when b is divided by 13?
12
Suppose -7*c = 6*c - 143. Calculate the remainder when 19 is divided by c.
8
Suppose 5*a = -i - 28 + 1, -a - 5*i = -9. Let m be (1 - 2)*(-18 - 1). Let q = a + m. What is the remainder when 38 is divided by q?
12
Let u = 39 + -33. Calculate the remainder when 22 is divided by u.
4
Let r(o) = 6*o**3 - 2*o**2 + 1. Calculate the remainder when 14 is divided by r(1).
4
Suppose 2*k = 6*k - 64. Suppose 2*i - 82 + k = 0. Calculate the remainder when i is divided by 12.
9
Let s(l) = -l**3 + 9*l**2 - 7*l - 1. Suppose 5*c - 116 = 3*i, -82 = 5*c - 9*c - 3*i. What is the remainder when s(6) is divided by c?
21
Suppose 0 = -8*f - 0*f + 632. What is the remainder when f is divided by 21?
16
Let m = 6 - -3. Suppose -h + 2*h = m. Calculate the remainder when 24 is divided by h.
6
Let c(q) = 4*q + 25. Calculate the remainder when 13 is divided by c(-4).
4
Suppose 5*t = 2*v + 4*t - 13, 5*t = -15. Let p = 100 + -66. Suppose 0 = -q - 4*d + p, 2*q - 2*d - 1 = 17. Calculate the remainder when q is divided by v.
4
Let q(j) = -12*j - 2. Let a(r) = 3*r + 27 + 2*r - 2*r - 4*r. What is the remainder when q(-4) is divided by a(11)?
14
Let k(u) be the second derivative of -u**3/6 - u. Suppose -6*g - 21 = -3*g. Calculate the remainder when k(g) is divided by 3.
1
What is the remainder when 21 is divided by (24/15)/((-5)/(-25))?
5
Suppose 4*a = -5*r + 89 + 29, -106 = -4*a + r. Suppose q - k - 240 = -4*q, a = q + 4*k. What is the remainder when q is divided by 24?
23
Let b = 438 - 288. What is the remainder when b is divided by 19?
17
Calculate the remainder when 2/13 - 0 - 2718/(-78) is divided by 3.
2
Suppose -4*p = -3*y - 14, p - 12 = -2*y - 3. Suppose -521 = -p*l - c - 51, 3*l - 282 = -c. What is the remainder when l is divided by 32?
30
Let w be (-1)/(-4) - (-174)/8. Suppose -2*p = -p - w. Calculate the remainder when 85 is divided by p.
19
Suppose 0 = -2*w - 0*w - 86. Let p be (2 - 2)/(-1) + w. Let g = p - -69. Calculate the remainder when g is divided by 9.
8
Let r = -1 - -3. Suppose 0 = -5*n - 2*h + 100, 5*h - 2 - 59 = -r*n. Suppose -p - n = -4*p. What is the remainder when 10 is divided by p?
4
Suppose -4*a = 4*d - 3*d - 149, 2*a - 3*d - 85 = 0. Let s = 53 - a. What is the remaind